{"id":10,"date":"2022-03-03T11:16:56","date_gmt":"2022-03-03T11:16:56","guid":{"rendered":"https:\/\/catedrapensamientocritico.zeus.umh.es\/presentacion\/"},"modified":"2022-03-25T10:49:01","modified_gmt":"2022-03-25T09:49:01","slug":"presentacion","status":"publish","type":"page","link":"https:\/\/catedrapensamientocritico.umh.es\/ca\/presentacion\/","title":{"rendered":"Presentaci\u00f3n"},"content":{"rendered":"<p><\/p>\n<pre id=\"tw-target-text\" class=\"tw-data-text tw-text-large tw-ta\" data-placeholder=\"Traducci\u00f3n\"><span class=\"Y2IQFc\" lang=\"ca\">Els objectius generals de la C\u00e0tedra s\u00f3n la formaci\u00f3, la investigaci\u00f3 i el desenvolupament i la transfer\u00e8ncia de coneixement \r\nen l'\u00e0mbit del pensament cr\u00edtic, mitjan\u00e7ant la realitzaci\u00f3 de les corresponents activitats formatives, activitats de recerca \r\ni organitzaci\u00f3 de seminaris, confer\u00e8ncies o altres activitats de divulgaci\u00f3.<\/span><\/pre>\n<p><\/p>","protected":false},"excerpt":{"rendered":"<p>P\u00e1gina de presentaci\u00f3n de la unidad organizativa<\/p>\n","protected":false},"author":1,"featured_media":0,"parent":0,"menu_order":0,"comment_status":"closed","ping_status":"open","template":"","meta":{"_links_to":"","_links_to_target":""},"_links":{"self":[{"href":"https:\/\/catedrapensamientocritico.umh.es\/ca\/wp-json\/wp\/v2\/pages\/10"}],"collection":[{"href":"https:\/\/catedrapensamientocritico.umh.es\/ca\/wp-json\/wp\/v2\/pages"}],"about":[{"href":"https:\/\/catedrapensamientocritico.umh.es\/ca\/wp-json\/wp\/v2\/types\/page"}],"author":[{"embeddable":true,"href":"https:\/\/catedrapensamientocritico.umh.es\/ca\/wp-json\/wp\/v2\/users\/1"}],"replies":[{"embeddable":true,"href":"https:\/\/catedrapensamientocritico.umh.es\/ca\/wp-json\/wp\/v2\/comments?post=10"}],"version-history":[{"count":0,"href":"https:\/\/catedrapensamientocritico.umh.es\/ca\/wp-json\/wp\/v2\/pages\/10\/revisions"}],"wp:attachment":[{"href":"https:\/\/catedrapensamientocritico.umh.es\/ca\/wp-json\/wp\/v2\/media?parent=10"}],"curies":[{"name":"wp","href":"https:\/\/api.w.org\/{rel}","templated":true}]}}

Presentación

<p></p>
<pre id="tw-target-text" class="tw-data-text tw-text-large tw-ta" data-placeholder="Traducción"><span class="Y2IQFc" lang="ca">Els objectius generals de la Càtedra són la formació, la investigació i el desenvolupament i la transferència de coneixement 
en l'àmbit del pensament crític, mitjançant la realització de les corresponents activitats formatives, activitats de recerca 
i organització de seminaris, conferències o altres activitats de divulgació.</span></pre>
<p></p>

<p>Página de presentación de la unidad organizativa</p>
